{"id":2732,"date":"2013-04-21T22:23:08","date_gmt":"2013-04-21T20:23:08","guid":{"rendered":"http:\/\/laurentqueyssi.fr\/site\/?page_id=2732"},"modified":"2025-09-12T17:25:41","modified_gmt":"2025-09-12T15:25:41","slug":"accueil","status":"publish","type":"page","link":"http:\/\/laurentqueyssi.fr\/site\/","title":{"rendered":"Accueil"},"content":{"rendered":"<p style=\"text-align: center;\"><a href=\"http:\/\/laurentqueyssi.fr\/site\/wp-content\/uploads\/2024\/10\/Portrait-NB-scaled.jpg\"><img loading=\"lazy\" decoding=\"async\" class=\"alignnone size-medium wp-image-5966\" src=\"http:\/\/laurentqueyssi.fr\/site\/wp-content\/uploads\/2024\/10\/Portrait-NB-225x300.jpg\" alt=\"\" width=\"225\" height=\"300\" srcset=\"http:\/\/laurentqueyssi.fr\/site\/wp-content\/uploads\/2024\/10\/Portrait-NB-225x300.jpg 225w, http:\/\/laurentqueyssi.fr\/site\/wp-content\/uploads\/2024\/10\/Portrait-NB-768x1024.jpg 768w, http:\/\/laurentqueyssi.fr\/site\/wp-content\/uploads\/2024\/10\/Portrait-NB-1152x1536.jpg 1152w, http:\/\/laurentqueyssi.fr\/site\/wp-content\/uploads\/2024\/10\/Portrait-NB-1536x2048.jpg 1536w, http:\/\/laurentqueyssi.fr\/site\/wp-content\/uploads\/2024\/10\/Portrait-NB-scaled.jpg 1920w\" sizes=\"auto, (max-width: 225px) 100vw, 225px\" \/><\/a><\/p>\n<h6 style=\"text-align: center;\"><strong>Laurent Queyssi<\/strong> est auteur, sc\u00e9nariste et traducteur.<\/h6>\n<h6 style=\"text-align: center;\">Dans ses <a href=\"http:\/\/laurentqueyssi.fr\/site\/bibliographie-2\/romans\/\">romans<\/a>, ses <a href=\"http:\/\/laurentqueyssi.fr\/site\/bibliographie-2\/bandes-dessinees\/\">bandes dessin\u00e9es<\/a> ou ses <a href=\"http:\/\/laurentqueyssi.fr\/site\/bibliographie-2\/nouvelles\/\">nouvelles<\/a>, il travaille la mati\u00e8re des mythes modernes \u00e0 travers la litt\u00e9rature de genre. Il anime aussi le site <a href=\"http:\/\/fahrenheit.lu\/\">Fahrenheit<\/a>, consacr\u00e9 aux passionn\u00e9s de livres.<\/h6>\n<h6 style=\"text-align: center;\"><strong>Seul \u00e0 Zanzibar<\/strong> est une livraison hebdomadaire (ou presque) d\u2019infos, de r\u00e9flexions et de liens par Laurent Queyssi. On s&#8217;abonne <a href=\"https:\/\/laurentq.substack.com\/\">ici<\/a>.<\/h6>\n","protected":false},"excerpt":{"rendered":"<p>Laurent Queyssi est auteur, sc\u00e9nariste et traducteur. Dans ses romans, ses bandes dessin\u00e9es ou ses nouvelles, il travaille la mati\u00e8re des mythes modernes \u00e0 travers la litt\u00e9rature de genre. Il anime aussi le site Fahrenheit, consacr\u00e9 aux passionn\u00e9s de livres. Seul \u00e0 Zanzibar est une livraison hebdomadaire (ou presque) d\u2019infos, de r\u00e9flexions et de liens [&hellip;]<\/p>\n","protected":false},"author":1,"featured_media":0,"parent":0,"menu_order":0,"comment_status":"closed","ping_status":"open","template":"","meta":{"footnotes":""},"class_list":["post-2732","page","type-page","status-publish","hentry","odd"],"_links":{"self":[{"href":"http:\/\/laurentqueyssi.fr\/site\/wp-json\/wp\/v2\/pages\/2732","targetHints":{"allow":["GET"]}}],"collection":[{"href":"http:\/\/laurentqueyssi.fr\/site\/wp-json\/wp\/v2\/pages"}],"about":[{"href":"http:\/\/laurentqueyssi.fr\/site\/wp-json\/wp\/v2\/types\/page"}],"author":[{"embeddable":true,"href":"http:\/\/laurentqueyssi.fr\/site\/wp-json\/wp\/v2\/users\/1"}],"replies":[{"embeddable":true,"href":"http:\/\/laurentqueyssi.fr\/site\/wp-json\/wp\/v2\/comments?post=2732"}],"version-history":[{"count":67,"href":"http:\/\/laurentqueyssi.fr\/site\/wp-json\/wp\/v2\/pages\/2732\/revisions"}],"predecessor-version":[{"id":5985,"href":"http:\/\/laurentqueyssi.fr\/site\/wp-json\/wp\/v2\/pages\/2732\/revisions\/5985"}],"wp:attachment":[{"href":"http:\/\/laurentqueyssi.fr\/site\/wp-json\/wp\/v2\/media?parent=2732"}],"curies":[{"name":"wp","href":"https:\/\/api.w.org\/{rel}","templated":true}]}}